 (10 - 6) - ((4 - 9) + 6)
2
Calculate -118 + 141 - (16 - -3).
4
-1 + (-2 - (-4 + 1)) - (13 + -6)
-7
9 - (6 - 12) - 37
-22
What is the value of -4 - 8 - -18 - (13 + (-1 - -1))?
-7
Calculate 17 + (-3 - -10) - 18.
6
What is (4 - (4 - -14)) + 136 + -132?
-10
What is -1 + 1 + -18 + 24 + -14 + 2?
-6
Calculate (-7 - -1) + (-23 - -35 - 7).
-1
What is 1 + (2 - 11) + 275 + -269?
-2
Evaluate 10 + (-7 - 0) - (6 - 9) - -5.
11
Calculate 16 - (29 + -8 + -5).
0
Calculate -25 + 0 - (-3 - 8).
-14
Evaluate -5 + (2 - 2) - -6 - -37.
38
What is the value of 59 - ((37 - -12) + -27)?
37
Evaluate 7 - 20 - (-2 + -8).
-3
What is 1 + 0 - (9 - -1 - 37)?
28
Evaluate -4 - ((-2 - (18 + 0)) + (25 - 20)).
11
What is (-11 - -2) + (3 - -10)?
4
What is (-1 + 2 - 1 - (-365 - -373)) + -1?
-9
0 + (-4 + 1 - -6) + 120 + -90
33
2 + (-11 - -18) - 3
6
Evaluate 11 + -14 - 2 - -14 - 9.
0
(-7 - (5 + -14)) + 10 + -1 - 2
9
Calculate 1 + 9 + (47 - (66 + 1)).
-10
What is the value of (-55 - -51 - (-1 + -9) - 12) + 15?
9
What is the value of -2 + -3 + 2 + (126 - 128)?
-5
40 + 2 + -2 - (-965 - -971)
34
Evaluate -9 + (0 - -4) - 9.
-14
What is the value of -6 + (22 - (-7 + (-6 - (-3 - 5))))?
21
What is the value of 25 + -17 + -11 + 0 + -10?
-13
What is the value of -5 - (-6 + 4 + 8 + -5) - -1?
-5
Evaluate 2 - (-7 + -7) - (-9 - 8).
33
Evaluate -17 - (16 - 50 - -38).
-21
What is the value of -7 + 11 + -6 + -9 - (-4 - -10)?
-17
What is the value of (4 + (4 - 6) - (1 + 0)) + 5?
6
Evaluate (17 - (5 + 8)) + 12.
16
Evaluate (-4 - -3) + 4 + 10 + -776 + 772.
9
5 + (5 + -29 + 1 - -5)
-13
Calculate -8 - (-23 - (-24 + 14)).
5
What is the value of 3 + (4 - ((1 - 9) + 10))?
5
What is -14 + 2 - (-152 - -108)?
32
What is 26 - (40 - (-20 - -41))?
7
Calculate (10 - (-7 - -33)) + 1.
-15
(3 - 5) + 8 - 3 - (-3 + 2)
4
Calculate 2 - (8 + (10 - (-5 - -18))).
-3
What is -25 - (32 - 27 - (16 - -1))?
-13
What is -12 - (16 + (-30 - -3))?
-1
What is the value of -1 + (-20 - 12) + 17?
-16
4 + 7 + -1 + -9 + (-11 - 0)
-10
Evaluate -7 + 4 + 13 + -20.
-10
Calculate 14 + -14 - 3 - -11.
8
What is -9 - (-4 - 5) - -11 - (1 + 2)?
8
What is 14 - (-3 + 9 + -9 + 5) - -4?
16
What is the value of (-1 - -28) + -19 + 4 + (2 - -2)?
16
What is the value of -4 + (13 - 10) - 1 - (0 + 10)?
-12
Evaluate -2 - -3 - -3 - (12 + -7).
-1
Calculate 34 - (45 - -2) - (0 + -4).
-9
What is (6 - -6) + 13 + (-4 - -9)?
30
Evaluate 0 + -2 + (13 - -28 - 26).
13
Evaluate 1 - -2 - (-3 + -1 - (1 - -6)).
14
What is the value of 10 + 0 + (-3 - 0 - (1 + -6))?
12
-1 + 7 - ((-8 - -1) + (16 - -9))
-12
Calculate -2 - -25 - (21 + (18 - (-3 + 35))).
16
What is the value of 10 - (4 + -1 + 7 + 0 + -7)?
7
What is the value of 1 - (4 - (-7 + 19 - 7) - -12)?
-10
Calculate (-5 - (-7 + -13)) + -14.
1
5 + 22 - 11 - 23
-7
(9 - (27 + -7 + 5)) + 10
-6
Calculate 7 + -4 + -2 - (-2 - -4) - 11.
-12
Evaluate -14 + 6 + (3 - -1 - -28).
24
Evaluate (-6 - (-14 + (-14 + 6 - -6))) + -1.
9
16 - 26 - -29 - 46
-27
Calculate 4 + -11 + 39 - 17.
15
Evaluate 2 + (2 - 3) + (7 - 12) + 18.
14
What is (-13 - -9) + 8 + -3 + -4 - -10?
7
What is the value of -71 + 44 - (-13 - -2)?
-16
Evaluate (-22 - -19) + -1 + 20.
16
What is the value of -1 + -15 + (87 - 104) + 3?
-30
What is 21 - (-19 - -41) - (-2 - 0)?
1
What is (-5 - 8) + 7 + (-5 + 2 - 0)?
-9
Evaluate 117 + -123 - (-6 + 22 - -2).
-24
Calculate 3 + (1 - (-3 + 5)) + -8.
-6
What is 249 - 244 - (26 - -8)?
-29
What is the value of -8 + (3 - -3) + -6 + (6 - 3)?
-5
What is the value of 1 + 0 + (-3 - (-4 + 2 - 5))?
5
Evaluate 17 + -30 + 31 + -20.
-2
Calculate -12 + 0 + 23 + -5 + -9 - 4.
-7
What is the value of (0 - 4 - 8) + (-13 - -1) + 0?
-24
Evaluate 6 + (1 + (-5 - 4) - 5) + 5.
-2
What is -1 - (-3 + 13) - 1?
-12
-35 - (29 - 31 - 5)
-28
Evaluate -58 + 63 + -28 - 4.
-27
Evaluate 49 - 48 - 9 - (-1 + (0 - -23)).
-30
Evaluate (-26 - (-4 + 0)) + 24.
2
What is 24 + -58 + 53 - 6?
13
Calculate 0 + 18 + -39 + 32.
11
What is 7 + -2 + -17 + -6 + -1 + 2?
-17
(5 - (-2 + 4)) + (12 - 17)
-2
Evaluate 22 + -21 + 13 + 2.
16
1 - (0 + -10 + -10 + 18 + -8)
11
What is -38 + (13 - 5) + 13 - (5 - 1)?
-21
Calculate (7 - 7) + -9 + 11 - (21 + -48).
29
Evaluate 3 + 4 - (-2 - -2) - (-187 + 167).
27
Evaluate -5 + -6 - (-25 - (-18 + 12 + -9)).
-1
Evaluate (8 - 6 - -8) + -17 + 16.
9
(1 - 1) + 58 + -11 + -49
-2
Calculate 0 - -12 - (5 + -7 + (4 - 1)).
11
Evaluate -1 + 5 + (-108 - -104) + -3 + 1.
-2
Evaluate 13 + 0 + -22 + (45 - -1) + -1.
36
What is -2 + 0 - (-57 + 45)?
10
Calculate -17 - (10 + -17 - -10 - -15).
-35
What is the value of 7 + -1 + (-6 - 8) + 8?
0
What is the value of -2 + (10 - 9) + -4 + 6?
1
Evaluate 3 + (-2 + -50 - -23).
-26
(-1 - -1 - (9 - 11)) + -5 + 10
7
What is the value of -4 + 3 + -1 - 0 - (435 - 459)?
22
Calculate (4 - (-2 - -4)) + -303 + 299.
-2
Calculate -24 + 6 + 12 + -6 - -11.
-1
What is the value of 8 + -3 + 1 + 4 - (31 - 35)?
14
Calculate -33 + 13 + 15 + 3 + -1.
-3
Evaluate (-10 - -19) + -26 + 13.
-4
(607 - 603) + 0 + 10
14
Evaluate 7 + (5 - 6 - -2 - (-3 + 7)).
4
(-9 + 4 - 4) + (0 - (-21 + 4))
8
What is -14 - (69 + -45 - (-3 + 17))?
-24
Evaluate (-34 - -9) + -127 + 115.
-37
What is -9 - (17 - 25 - 0 - -22)?
-23
Evaluate -16 + -11 + 23 - (-1 - 2).
-1
What is the value of -69 + 46 + 27 + 1 + -1 + 3?
7
What is (-3 - (1 - 3 - 0)) + (10 - 7)?
2
Evaluate -468 + 455 + 13 + -1.
-1
Calculate (16 - 5) + 8 + -16 + -3.
0
Calculate 12 + -28 - (-6 - -10).
-20
-7 + 1 - (27 + -29 - 25)
21
(-13 - -15) + 13 + -2 + -8
5
Evaluate (6 - 13) + -1 - 2 - -4.
-6
What is the value of (13 - (-8 - -10 - -5)) + -4?
2
What is the value of -16 - 2 - (-13 - -10)?
-15
Calculate -6 + 4 + (-6 - 1) - -2.
-7
What is the value of 3 - (5 + (-13 - -24 - (9 - 1)))?
-5
(10 - 0) + 33 - 36
7
What is 3 - (-7 + (-4 - (4 - 8)))?
10
Calculate -10 - ((-1 - -11) + -12).
-8
What is -11 + -12 + 25 + -15?
-13
Calculate -3 + 6 + -2 + (-2 - 1 - 5).
-7
-5 + 7 + 8 + 0 + -11 + -11
-12
-8 - 3 - (-10 - -9)
-10
What is the value of 26 + 2 + -16 - 3?
9
What is the value of (-8 + 8 + -7 - 10) + -2 + 2?
-17
Evaluate (-4 - (-9 - -4) - (10 + -1)) + 5.
-3
What is -21 + (-16 - (-33 - -7)) - -12?
1
Calculate 18 + 11 - 28 - (2 + -3 - 1).
3
Evaluate 7 + -10 + 5 + 15.
17
Evaluate (44 - 18) + -35 - (-1 + 1).
-9
What is the value of -2 + -5 + (-197 - -181)?
-23
What is -27 + (8 - 0) + 13?
-6
Calculate 26 - (-6 - -32 - 25).
25
What is the value of -40 - -5 - ((28 - 14) + -17 + 6)?
-38
2 - (2 - (-7 + -1 + 4))
-4
Calculate 6 + (-28 + (-4 - -11) - -7).
-8
Evaluate 7 + (0 - -4 - (53 - 47)) + -21.
-16
Evaluate -2 - -1 - (-11 - -3) - (-428 + 445).
-10
Evaluate -14 + (4 - (6 - 14)).
-2
What is the value of -136 - -158 - (1 - -37)?
-16
What is the value of -7 + (99 - 101) + -1 + 8?
-2
What is (-9 - -8) + 4 + 3 + -6?
0
Evaluate 5 + 0 + (-6 - -4 - -4).
7
Evaluate -7 - (-2 - -4) - (-17 - (17 + -28)).
-3
Evaluate 3 + 4 - (17 + (4 - 2)).
-12
What is the value of 4 - -7 - (-3 + 16)?
-2
What is (-10 - 16 - -14) + 0?
-12
Evaluate -8 - (-6 + 11) - -23.
10
Calculate -1 + 5 - 1 - (-50 - -77).
-24
What is the value of 6 + 23 + -6 + -14 + 11?
20
What is the value of 10 - (-52 - (13 + -51))?
24
(-19 - (-13 + (6 - -1))) + 7 + -6
-12
Evaluate -64 + (-10 - (-53 + 13)).
-34
Evaluate (-14 - -23) + -23 - (19 - 18).
-15
What is -6 - (13 - 28) - 9?
0
What is -19 + 16 - (-4 + 3 - 23)?
21
Evaluate -8 + -9 + (-3 - -1 - 3 - -3).
-19
What is the value of 0 + (2 - 9) + (-50 - -51)?
-6
Calculate (5 - 2) + (16 - 12).
7
What is the value of 0 + 2 + -6 + (19 - 5)?
10
Calculate 1 - 12 - -3 - -6 - -22.
20
36 + -1 + -490 + 470
15
24 + (-24 - -9) - (3 + -4 + 7)
3
-28 + 24 + 6 - 25
-23
Calculate (-27 - -60 - 53) + (7 - -1).
-12
Calculate -7 - -17 - 12 - -9 - -5.
12
What is -5 - (-24 + 16 + 12)?
-9
Calculate (-3 - 1) + 3 - (-259 + 254).
4
What is -11 + (-12 - -27) + 5?
9
Evaluate (274 - 276) + (-10 - (2 + 0 + -3)).
-11
(-5 - -1) + (11 - (10 + -3))
0
What is (10 - -1) + -2 + -21 - 3?
-15
-52 - -66 - (-2 - (-1 - -4)) - 9
10
87 + -88 - ((-2 + 2 - 4) + -3)
6
0 + 5 + -62 + 49
-8
Calculate 17 + -1 + -13 + (2 - -6).
11
(-12 - -10) + (6 - 4) + -2
-2
-59 + 59 - (-5 + 0)
5
0 - 0 - ((-2 - 0) + -62 + 72)
-8
Evaluate -6 - (11 - 12) - -1 - (3 - -4).
-11
What is the value of -127 + 124 + (23 - 4)?
16
Evaluate -7 - (-7 - -7 - 21).
14
Evaluate 3 + (-12 - -3) + 3 + -7.
-10
What is -225 - -211 - (0 + 0